 11118, 0 = -24*f + 22*f - 4. What is the highest common factor of c and 13?
13
Suppose 3*a - 67 = f, 83 = 3*a - 11*f + 6*f. Suppose 0 = 4*w - 57 + a. What is the greatest common divisor of w and 1?
1
Suppose -2 + 0 = -a - 4*s, 4*s = 4*a - 48. What is the greatest common divisor of 170 and a?
10
Suppose -3*u = 2*j + 2, 0 = -j + 4*u - 3*u + 4. Suppose j*s - 11*s = -144. What is the greatest common divisor of s and 144?
16
Let h = -7 + 33. Suppose -48 = -2*g - m + 34, -2*g + 70 = -2*m. Calculate the highest common divisor of h and g.
13
Let q be ((-4)/10)/(1/(-175)). Suppose -2 = -5*l - 2*m, 3*l - 2 = 4*l - 2*m. Suppose r + l*r = q. Calculate the greatest common divisor of 10 and r.
10
Let n(i) = 3*i**2 - 29*i + 45. Let u be n(13). What is the highest common factor of 14 and u?
7
Let h be ((-266)/6)/(1/(-3)). Let n = 16 - -8. Let j = 43 - n. Calculate the greatest common divisor of j and h.
19
Let i = 21 - 4. Let d(v) = v**3 + v**2 - 3*v + 1. Let x be d(2). Let j be 34*x*(-2)/(-4). What is the greatest common factor of j and i?
17
Let y be ((-15)/(-42)*4)/((-3)/(-21)). Suppose y*h - 588 = 3*h. What is the greatest common factor of h and 12?
12
Let u(w) = -9*w - 4. Let g be u(-3). Suppose 13*c = -9*c + 4554. Calculate the greatest common divisor of c and g.
23
Let s = -40 + 64. Let w be ((-16)/s)/(2/30). Let j be (w/(-4))/((-2)/(-20)). Calculate the highest common divisor of 225 and j.
25
Let g(s) = -s**3 - 10*s**2 - 14*s - 14. Let c be g(-10). What is the highest common divisor of 56 and c?
14
Let a be 4391/19 + (1508/(-247) - -6). What is the greatest common factor of a and 22?
11
Suppose 0 = -0*g - 2*g - 5*z + 7, -4*g + 28 = -4*z. Let a(p) = p**3 + p**2 - 7*p - 12. Let b be a(g). Calculate the highest common divisor of b and 18.
18
Let a(r) = 59*r**2 + 2*r + 2. Let u be a(-1). Let k = u - -21. Let g = 72 - 40. Calculate the highest common factor of k and g.
16
Suppose 3*z + f - 75 = -2*f, 3*f = -4*z + 95. Calculate the highest common divisor of z and 250.
10
Let l(t) = -t**3 + 7*t**2 + 18*t + 2. Let k be l(9). Suppose -76 = -k*z - 2*z. Calculate the greatest common divisor of z and 57.
19
Suppose 6 = 15*x - 14*x. Let h(r) = r**2 - 6*r + 4. Let p be h(x). Let m be ((-4)/10)/(3/(-30)). Calculate the highest common divisor of m and p.
4
Let s(u) = 3*u**2 - 9*u + 25. Let g be s(-11). Suppose -5*j - 6*x + g = -4*x, -j + 83 = 4*x. What is the greatest common divisor of j and 66?
33
Let m(z) = 58*z**2 + 44*z + 91. Let v be m(-2). What is the highest common divisor of v and 94?
47
Suppose 15 = 2*b + 9. Suppose -8 = 4*o - q, b*o - 2*q - q - 3 = 0. Let s(u) = -4*u + 3. Let t be s(o). What is the highest common factor of t and 5?
5
Let z be (26 + 2)*3/4. Let g = 14 - 14. Let u = g - -14. What is the greatest common factor of u and z?
7
Let f(i) = -i**2 - 3*i - 10 + 18*i - i. Let x be f(12). Calculate the highest common factor of 14 and x.
14
Suppose 19 = -5*a - 1. Let l(n) = -3*n**3 - 4*n**2 - 6*n - 9. Let d be l(a). What is the greatest common factor of 13 and d?
13
Suppose 0 = -4*n + 12, -5*q = -4*q + 3*n - 31. Suppose 21 = -0*h + h + 4*a, -2*h = -5*a - 81. Calculate the highest common divisor of q and h.
11
Suppose -n - 3*x = -14, -2*n + 7*n - 5*x - 10 = 0. Suppose 3*t + 2*c = 42, -n*c - 14 = t - 2*t. Calculate the greatest common divisor of 126 and t.
14
Suppose -5*z + 7*z = 3*a + 423, z = -4*a + 228. What is the greatest common factor of 72 and z?
72
Let t = 1571 + -1521. Calculate the greatest common divisor of t and 140.
10
Let u = -68 + 315. Let q = -103 + u. Calculate the highest common factor of 18 and q.
18
Suppose 0 = 3*b - 3*t - 8958, 5*b - t = 16088 - 1142. Calculate the greatest common divisor of b and 115.
115
Let x be 31/(4/(123 + 1)). Suppose -2*r = 5*d - x, -4*d + 2*r + 409 + 349 = 0. Suppose 4*v + 71 = d. What is the highest common factor of v and 15?
15
Let u = 1815 + -1753. Calculate the greatest common factor of u and 1457.
31
Let q = -509 + 604. Calculate the highest common divisor of 285 and q.
95
Suppose -34 = -6*t - 10. Suppose 3*b - 18 = -k - 0*k, t*k + b = 94. Calculate the highest common factor of k and 12.
12
Let q be 27/3*(-2)/(-3). Suppose 0 = -f + q + 2. Calculate the greatest common factor of 16 and f.
8
Let x be 2690/4 + (-135)/90 - -1. Calculate the greatest common divisor of 7 and x.
7
Let z = 285 + -47. What is the greatest common factor of 14 and z?
14
Let n(o) = o**3 - 24*o**2 - 24*o - 14. Let f be n(25). Calculate the highest common divisor of 1 and f.
1
Let h be -1 - (1 + -188) - (9 + -10). What is the greatest common divisor of h and 17?
17
Let o(v) = -v**3 - 6*v**2 + 23*v + 8. Let s be o(-9). Suppose 3*u + 2*m = 43, 4*m = -3*u + 3*m + s. What is the highest common divisor of u and 135?
15
Suppose -6*c = -27*c + 420. Let r = -5 - -10. What is the highest common divisor of r and c?
5
Let s(y) = y - 9. Let c be s(11). Let w be (1 + -51)*c/(-4). Let f = -10 + w. What is the highest common factor of 15 and f?
15
Suppose 4 = -2*a, 66*v - 5*a = 71*v - 470. Calculate the greatest common factor of 18 and v.
6
Let w(m) = m - 3. Let q be w(11). Calculate the highest common divisor of q and 44.
4
Suppose -d + 4*a = 3*d - 20, -4*d - 5*a = -56. Let z be 3 + (-16)/6 - (-501)/d. Calculate the highest common divisor of z and 140.
28
Let b(h) = 12*h**2 - h + 3. Let k be b(-5). Let w(d) = 272*d - 1060. Let g be w(4). What is the highest common factor of k and g?
28
Let w(a) = 3*a**2 - 18*a + 4. Let i(q) = -q + 8. Let u be i(2). Let y be w(u). Calculate the highest common factor of y and 40.
4
Let q be 168/20 + 24/(-60). What is the highest common divisor of 120 and q?
8
Let c = 524 + -497. What is the greatest common factor of c and 108?
27
Let w be 132 + (1 - (-2)/1). Suppose -309 = -2*p - b, -5*p + 645 = 4*b - w. Calculate the highest common divisor of 19 and p.
19
Let s be (-1984)/(-22) + (-20)/110. Let q be s/12*8/3. Let g be -5*(-1 + 0)*1. Calculate the greatest common divisor of g and q.
5
Suppose -3*n + 5*s + 116 = -0*s, 0 = -n - s + 36. Suppose 4*o - r = n, -3*o - 2*o + 62 = 4*r. What is the greatest common divisor of 15 and o?
5
Let d be ((-14652)/72)/(10/(-4) + 2). Let l = 52 + -15. Calculate the highest common factor of d and l.
37
Let c(m) = -15*m - 23. Let y be 15/(-2)*30/25. Let p be c(y). Calculate the highest common factor of p and 28.
28
Let r(c) = 3*c**2 - 27*c + 40. Let f be r(13). What is the greatest common factor of f and 224?
28
Let a be (-1 - 161)*(-4)/3. Let b(m) = 8*m - 13. Suppose 3*q = 2*w + 13, -q = 9*w - 8*w - 6. Let y be b(q). What is the highest common divisor of a and y?
27
Let k = 15 + -10. Suppose -u + 9 = 2*u. Suppose 4*v + z = -0*z + 217, 0 = z + u. Calculate the greatest common factor of v and k.
5
Let w = -8 - -10. Let p = -9 + w. Let v = p + 15. Calculate the highest common factor of v and 64.
8
Let u(l) = -11*l**3 - l**2 + 3*l + 6. Let b be u(-2). Calculate the highest common factor of b and 48.
12
Let k = 10 - 8. Let x = 698 + -652. What is the greatest common factor of x and k?
2
Let v(n) = 5*n**2 - 23*n. Let d be v(5). Let z(f) = -f**2 + 3*f + 6. Let y be z(-6). Let p = 68 + y. What is the highest common divisor of p and d?
10
Let v = -29 - -29. Let p be 22 + 2 + (v - -2). What is the highest common factor of p and 130?
26
Suppose 91 + 4 = 5*j. Suppose -5*z - 2*i = -43, 2*z - j = -2*i + 3*i. Let f = z - -7. What is the greatest common factor of 16 and f?
16
Let b = 2233 + -2188. Suppose 0 = 2*f + 1 - 5. Let k be 3 + (-1)/((-1)/f). What is the highest common factor of k and b?
5
Let w be (392/(-10))/((-16)/80). Calculate the greatest common divisor of w and 28.
28
Let w(s) = -341*s**3 + 2*s + 1. Let f be w(-1). Suppose -h - 4*h + f = 0. Let d = h - 30. Calculate the highest common factor of 342 and d.
38
Suppose 0 = -3*k + 10 + 2. Suppose 0 = 3*g - k*g - 3*l + 14, -4*g + l + 95 = 0. What is the highest common factor of g and 207?
23
Suppose 1017 = 16*t + 297. What is the highest common divisor of t and 2295?
45
Let y be 4/6 - (-20)/6. Suppose -y*u - 5 = -21. Suppose -180 = -z - u*z. Calculate the highest common factor of z and 4.
4
Let f(z) = -287*z**3 + z**2 - z - 3. Suppose 2*h = -h - 3. Let k be f(h). What is the highest common divisor of k and 22?
22
Let u be ((-6)/9)/((-2)/732